ime number?
False
Is 392423 composite?
False
Is 937171 composite?
False
Is 38221 a composite number?
True
Is 196069 composite?
True
Is 19619 composite?
True
Is 3649 composite?
True
Is 13607 prime?
False
Is 1163 a prime number?
True
Is 1440119 a prime number?
True
Is 1067803 composite?
True
Is 3466 a composite number?
True
Is 2203 composite?
False
Is 2429 a prime number?
False
Is 49601 composite?
True
Is 1529119 prime?
True
Is 58541 a prime number?
False
Is 18339 prime?
False
Is 15479 prime?
False
Is 3265 a composite number?
True
Is 433606 a composite number?
True
Is 293 a prime number?
True
Is 16355 composite?
True
Is 20122 prime?
False
Is 10445 prime?
False
Is 2699 a composite number?
False
Is 7327 composite?
True
Is 125707 composite?
False
Is 42221 a prime number?
True
Is 397 prime?
True
Is 27311 a prime number?
False
Is 147473 composite?
True
Is 1009 prime?
True
Is 13241 a composite number?
False
Is 295619 a prime number?
False
Is 736679 composite?
False
Is 187907 composite?
False
Is 1228091 composite?
False
Is 639851 composite?
False
Is 7115 a composite number?
True
Is 1141769 a composite number?
False
Is 95297 composite?
True
Is 20602 composite?
True
Is 20911 prime?
False
Is 490471 composite?
True
Is 109013 a composite number?
False
Is 118747 a prime number?
True
Is 179651 a composite number?
False
Is 3247 a prime number?
False
Is 448441 composite?
True
Is 12461 prime?
False
Is 10529 a prime number?
True
Is 35069 prime?
True
Is 239149 composite?
True
Is 18329 prime?
True
Is 91421 prime?
False
Is 1097 a prime number?
True
Is 2707 composite?
False
Is 651347 composite?
False
Is 48095 a prime number?
False
Is 16801 a composite number?
True
Is 386339 prime?
True
Is 127678 prime?
False
Is 9619 composite?
False
Is 66149 a composite number?
True
Is 8939 prime?
False
Is 851 a composite number?
True
Is 456881 a composite number?
False
Is 454903 a composite number?
True
Is 979311 a composite number?
True
Is 1795133 prime?
True
Is 7507 prime?
True
Is 5541 a prime number?
False
Is 214943 a prime number?
True
Is 889 a prime number?
False
Is 411 composite?
True
Is 41159 a composite number?
True
Is 61727 prime?
False
Is 27337 composite?
False
Is 5051 a composite number?
False
Is 1452511 a prime number?
True
Is 99914 a prime number?
False
Is 443 composite?
False
Is 2561 a composite number?
True
Is 47631 a prime number?
False
Is 145943 a composite number?
True
Is 39541 prime?
True
Is 9599 prime?
False
Is 182639 prime?
True
Is 40213 a prime number?
True
Is 371689 a composite number?
True
Is 49103 a composite number?
False
Is 1678601 a prime number?
True
Is 44483 composite?
False
Is 19801 composite?
False
Is 413 composite?
True
Is 4138 prime?
False
Is 2207 a prime number?
True
Is 29917 prime?
True
Is 10411 composite?
True
Is 1578307 prime?
False
Is 4197 a composite number?
True
Is 4783 a prime number?
True
Is 4405 a prime number?
False
Is 2939 prime?
True
Is 46741 prime?
False
Is 100613 a composite number?
False
Is 236261 composite?
False
Is 234443 composite?
True
Is 31102 prime?
False
Is 1001005 composite?
True
Is 172373 a prime number?
True
Is 2483 prime?
False
Is 44839 a composite number?
False
Is 443317 prime?
False
Is 995755 composite?
True
Is 15661 a composite number?
False
Is 228181 a composite number?
False
Is 769 a prime number?
True
Is 47273 composite?
True
Is 183647 composite?
True
Is 432609 a composite number?
True
Is 26083 a composite number?
False
Is 1546141 prime?
True
Is 221531 a prime number?
False
Is 1757 a prime number?
False
Is 4889 a prime number?
True
Is 984729 prime?
False
Is 7831 a prime number?
False
Is 1259 composite?
False
Is 4721 a composite number?
False
Is 1501 prime?
False
Is 24501 composite?
True
Is 3635 composite?
True
Is 150103 prime?
False
Is 583679 composite?
True
Is 801517 composite?
False
Is 492769 a composite number?
False
Is 5021 a prime number?
True
Is 2419 a prime number?
False
Is 149 a prime number?
True
Is 164809 prime?
True
Is 38149 a prime number?
True
Is 21787 prime?
True
Is 1939 composite?
True
Is 5079 prime?
False
Is 102791 a composite number?
True
Is 3577727 a composite number?
False
Is 83443 a composite number?
False
Is 23105 prime?
False
Is 4704737 composite?
False
Is 3591671 a prime number?
True
Is 67307 prime?
True
Is 44494 composite?
True
Is 21859 prime?
True
Is 38113 a prime number?
True
Is 453847 composite?
False
Is 35933 prime?
True
Is 17039 prime?
False
Is 68998 composite?
True
Is 248097 prime?
False
Is 852611 a composite number?
True
Is 65407 a prime number?
True
Is 170999 a prime number?
False
Is 589 a composite number?
True
Is 271913 a prime number?
False
Is 9293 prime?
True
Is 132917 prime?
False
Is 148989 prime?
False
Is 12659 a prime number?
True
Is 27597 a composite number?
True
Is 40049 composite?
True
Is 87463 composite?
True
Is 3109 a prime number?
True
Is 821377 a composite number?
False
Is 9017 prime?
False
Is 13445 prime?
False
Is 14051 composite?
False
Is 206029 prime?
False
Is 26167 a prime number?
False
Is 985 a prime number?
False
Is 76211 a composite number?
True
Is 92551 composite?
False
Is 132929 prime?
True
Is 743 a prime number?
True
Is 4535 a prime number?
False
Is 2228137 a prime number?
True
Is 4511 prime?
False
Is 2179 prime?
True
Is 14983 prime?
True
Is 108133 a prime number?
False
Is 17183 composite?
False
Is 180227 a composite number?
True
Is 798599 a composite number?
False
Is 539221 a composite number?
True
Is 61733 a prime number?
False
Is 3587 composite?
True
Is 193987 prime?
False
Is 2789 a composite number?
False
Is 185021 a prime number?
True
Is 92333 a composite number?
False
Is 125663 composite?
True
Is 966791 a composite number?
True
Is 19235 composite?
True
Is 15859 composite?
False
Is 13057 composite?
True
Is 99998 prime?
False
Is 6709 composite?
False
Is 115499 a prime number?
True
Is 2993 prime?
False
Is 2903 a prime number?
True
Is 26963 prime?
False
Is 1722337 a composite number?
True
Is 32537 prime?
True
Is 124511 prime?
False
Is 15253 composite?
True
Is 11541 composite?
True
Is 41542 a prime number?
False
Is 28957 a composite number?
True
Is 36973 composite?
False
Is 5357237 a composite number?
False
Is 54923 composite?
True
Is 161003 a prime number?
False
Is 11917 composite?
True
Is 45181 a composite number?
False
Is 540539 prime?
True
Is 19841 a composite number?
False
Is 3025322 a composite number?
True
Is 39419 prime?
True
Is 1486259 composite?
True
Is 59743 composite?
False
Is 189463 a composite number?
False
Is 18353 prime?
True
Is 503393 prime?
False
Is 11901 prime?
False
Is 27883 a prime number?
True
Is 1626371 prime?
True
Is 1619069 prime?
True
Is 3821 a prime number?
True
Is 5539 composite?
True
Is 1733 composite?
False
Is 51767 a prime number?
True
Is 2831 composite?
True
Is 291391 a composite number?
True
Is 66257 prime?
False
Is 33483 a composite number?
True
Is 148139 composite?
False
Is 17257 composite?
False
Is 1309297 a prime number?
False
Is 27631 a composite number?
False
Is 3703019 a prime number?
True
Is 4160315 a composite number?
True
Is 3137 composite?
False
Is 12955 a composite number?
True
Is 298 a prime number?
False
Is 5069 a prime number?
False
Is 23087 composite?
False
Is 21851 a composite number?
False
Is 133 a prime number?
False
Is 15214 a prime number?
False
Is 20389 prime?
True
Is 5758 a prime number?
False
Is 685427 composite?
False
Is 4269 a prime number?
False
Is 215467 prime?
False
Is 3589 a prime number?
False
Is 1073083 composite?
True
Is 13561 prime?
False
Is 60101 composite?
False
Is 259601 composite?
True
Is 151378 composite?
True
Is 8387 composite?
False
Is 3101 composite?
True
Is 13367 a composite number?
False
Is 6599 prime?
True
Is 22735 a composite number?
True
Is 105649 prime?
True
Is 28709 composite?
True
Is 6047 composite?
False
Is 923539 a composite number?
False
Is 17771 composite?
True
Is 86423 a prime number?
True
Is 1325227 composite?
False
Is 3271 a composite number?
False
Is 522771 prime?
False
Is 32539 a prime number?
False
Is 604445 composite?
True
Is 7151 a composite number?
False
Is 17059 prime?
False
Is 56435 prime?
False
Is 419 a prime number?
True
Is 34777 composite?
True
Is 429919 a prime number?
False
Is 385253 a composite number?
True
Is 140519 composite?
True
Is 67121 prime?
True
